{"id":93,"date":"2018-01-15T11:12:00","date_gmt":"2018-01-15T13:12:00","guid":{"rendered":"https:\/\/ouvidoria.uepa.br\/?page_id=93"},"modified":"2023-11-22T18:06:37","modified_gmt":"2023-11-22T21:06:37","slug":"apresentacao","status":"publish","type":"page","link":"https:\/\/ouvidoria.uepa.br\/","title":{"rendered":"Ouvidoria"},"content":{"rendered":"\n<style>\n.ast-above-header-wrap  {\nbackground: none;\n}\n<\/style>\n\n\n\n<div class=\"wp-block-uagb-container uagb-block-4f1dfd93 alignfull uagb-is-root-container\"><div class=\"uagb-container-inner-blocks-wrap\">\n<div class=\"wp-block-columns is-layout-flex wp-container-core-columns-layout-1 wp-block-columns-is-layout-flex\">\n<div class=\"wp-block-column is-layout-flow wp-block-column-is-layout-flow\">\n<div class=\"wp-block-uagb-advanced-heading uagb-block-eee66b7e uag-hide-desktop uag-hide-tab uag-hide-mob\"><h1 class=\"uagb-heading-text\">Fa\u00e7a Sua Manifesta\u00e7\u00e3o<\/h1><\/div>\n\n\n\n<div class=\"wp-block-uagb-buttons uagb-buttons__outer-wrap uagb-btn__default-btn uagb-btn-tablet__default-btn uagb-btn-mobile__default-btn uagb-block-bfa2104a\"><div class=\"uagb-buttons__wrap uagb-buttons-layout-wrap\">\n<div class=\"wp-block-uagb-buttons-child uagb-buttons__outer-wrap uagb-block-1f909f1e wp-block-button is-style-outline\"><div class=\"uagb-button__wrapper\"><a class=\"uagb-buttons-repeater wp-block-button__link\" href=\"https:\/\/sistemas.uepa.br\/ouvidoria\/manifestacao\/\" onclick=\"return true;\" rel=\"follow noopener\" target=\"_blank\"><div class=\"uagb-button__link\">Fa\u00e7a Sua Manifesta\u00e7\u00e3o<\/div><span class=\"uagb-button__icon uagb-button__icon-position-after\"><svg xmlns=\"https:\/\/www.w3.org\/2000\/svg\" viewBox=\"0 0 512 512\"><path d=\"M160 416H96c-17.67 0-32-14.33-32-32V128c0-17.67 14.33-32 32-32h64c17.67 0 32-14.33 32-32S177.7 32 160 32H96C42.98 32 0 74.98 0 128v256c0 53.02 42.98 96 96 96h64c17.67 0 32-14.33 32-32S177.7 416 160 416zM502.6 233.4l-128-128c-12.51-12.51-32.76-12.49-45.25 0c-12.5 12.5-12.5 32.75 0 45.25L402.8 224H192C174.3 224 160 238.3 160 256s14.31 32 32 32h210.8l-73.38 73.38c-12.5 12.5-12.5 32.75 0 45.25s32.75 12.5 45.25 0l128-128C515.1 266.1 515.1 245.9 502.6 233.4z\"><\/path><\/svg><\/span><\/a><\/div><\/div>\n\n\n\n<div class=\"wp-block-uagb-buttons-child uagb-buttons__outer-wrap uagb-block-dfc0ab7f wp-block-button is-style-outline\"><div class=\"uagb-button__wrapper\"><a class=\"uagb-buttons-repeater wp-block-button__link\" href=\"https:\/\/sistemas.uepa.br\/ouvidoria\/consultar\/\" onclick=\"return true;\" rel=\"follow noopener\" target=\"_blank\"><div class=\"uagb-button__link\">Consulte Sua Manifesta\u00e7\u00e3o<\/div><span class=\"uagb-button__icon uagb-button__icon-position-after\"><svg xmlns=\"https:\/\/www.w3.org\/2000\/svg\" viewBox=\"0 0 460 512\"><path d=\"M220.6 130.3l-67.2 28.2V43.2L98.7 233.5l54.7-24.2v130.3l67.2-209.3zm-83.2-96.7l-1.3 4.7-15.2 52.9C80.6 106.7 52 145.8 52 191.5c0 52.3 34.3 95.9 83.4 105.5v53.6C57.5 340.1 0 272.4 0 191.6c0-80.5 59.8-147.2 137.4-158zm311.4 447.2c-11.2 11.2-23.1 12.3-28.6 10.5-5.4-1.8-27.1-19.9-60.4-44.4-33.3-24.6-33.6-35.7-43-56.7-9.4-20.9-30.4-42.6-57.5-52.4l-9.7-14.7c-24.7 16.9-53 26.9-81.3 28.7l2.1-6.6 15.9-49.5c46.5-11.9 80.9-54 80.9-104.2 0-54.5-38.4-102.1-96-107.1V32.3C254.4 37.4 320 106.8 320 191.6c0 33.6-11.2 64.7-29 90.4l14.6 9.6c9.8 27.1 31.5 48 52.4 57.4s32.2 9.7 56.8 43c24.6 33.2 42.7 54.9 44.5 60.3s.7 17.3-10.5 28.5zm-9.9-17.9c0-4.4-3.6-8-8-8s-8 3.6-8 8 3.6 8 8 8 8-3.6 8-8z\"><\/path><\/svg><\/span><\/a><\/div><\/div>\n<\/div><\/div>\n<\/div>\n\n\n\n<div class=\"wp-block-column is-layout-flow wp-block-column-is-layout-flow\"><\/div>\n<\/div>\n<\/div><\/div>\n\n\n\n<div class=\"wp-block-uagb-container uagb-block-17d73bfa alignfull uagb-is-root-container\"><div class=\"uagb-container-inner-blocks-wrap\">\n<div class=\"wp-block-uagb-advanced-heading uagb-block-0384e10d\"><h1 class=\"uagb-heading-text\">Apresenta\u00e7\u00e3o<\/h1><div class=\"uagb-separator\"><\/div><\/div>\n\n\n\n<p><span style=\"font-weight: 400;\">A Ouvidoria da Universidade do Estado do Par\u00e1, criada com a Lei n\u00ba 6.828, de 07 de fevereiro de 2006, tem por finalidade <\/span><span style=\"font-weight: 400;\">atuar como um canal de interlocu\u00e7\u00e3o com o usu\u00e1rio e a sociedade em geral. Com vistas a mediar \u00e0s rela\u00e7\u00f5es entre a Administra\u00e7\u00e3o P\u00fablica e o cidad\u00e3o prop\u00f5e a\u00e7\u00f5es aos diversos segmentos da UEPA que visem \u00e0 observ\u00e2ncia de seus direitos, assim contribuindo para o desenvolvimento institucional.<\/span><\/p>\n\n\n\n<p><span style=\"font-weight: 400;\">A ouvidoria, al\u00e9m de ser um espa\u00e7o de cidadania na defesa dos leg\u00edtimos interesses dos cidad\u00e3os&nbsp; que se relacionam com a UEPA, \u00e9 tamb\u00e9m um instrumento que contribui com a transpar\u00eancia da gest\u00e3o da Universidade, respeitando os direitos e princ\u00edpios \u00e9ticos e auxiliando na&nbsp; resolu\u00e7\u00e3o de problemas. <\/span><\/p>\n\n\n\n<p><span style=\"font-weight: 400;\">\u00c9 o espa\u00e7o que o cidad\u00e3o tem para registrar suas reclama\u00e7\u00f5es, sugest\u00f5es, den\u00fancias, elogios, cr\u00edticas e solicita\u00e7\u00f5es de informa\u00e7\u00f5es relativas \u00e0s atividades e servi\u00e7os da Universidade do Estado do Par\u00e1.<\/span><\/p>\n<\/div><\/div>\n\n\n\n<div class=\"wp-block-uagb-container uagb-block-a0f1288d alignfull uagb-is-root-container\"><div class=\"uagb-container-inner-blocks-wrap\">\n<div class=\"wp-block-uagb-container uagb-block-66ae10fa\">\n<div class=\"wp-block-uagb-advanced-heading uagb-block-f21f4174\"><h2 class=\"uagb-heading-text\">Miss\u00e3o<\/h2><\/div>\n\n\n\n<div class=\"wp-block-uagb-advanced-heading uagb-block-07163e21\"><p class=\"uagb-heading-text\"><i><span style=\"font-weight: 400;\">&#8220;Atuar como um canal de comunica\u00e7\u00e3o mediada, possibilitando a vocaliza\u00e7\u00e3o dos anseios dos usu\u00e1rios dos servi\u00e7os da Universidade do Estado do Par\u00e1 (UEPA) para o fortalecimento da cidadania com justi\u00e7a e equidade&#8221;<\/span><\/i><\/p><\/div>\n<\/div>\n\n\n\n<div class=\"wp-block-uagb-container uagb-block-339dace8\">\n<div class=\"wp-block-uagb-advanced-heading uagb-block-c8230af6\"><h2 class=\"uagb-heading-text\">Vis\u00e3o do Futuro<\/h2><\/div>\n\n\n\n<div class=\"wp-block-uagb-advanced-heading uagb-block-884d2f26\"><p class=\"uagb-heading-text\"><i><span style=\"font-weight: 400;\"><span style=\"font-weight: 400;\">\u201c<\/span><i><span style=\"font-weight: 400;\">Ser refer\u00eancia como um canal de comunica\u00e7\u00e3o imparcial, \u00e9tico e de confiabilidade em \u00e2mbito universit\u00e1rio\u201d.<\/span><\/i><\/span><\/i><\/p><\/div>\n<\/div>\n\n\n\n<div class=\"wp-block-uagb-container uagb-block-30f1cbfd\">\n<div class=\"wp-block-uagb-advanced-heading uagb-block-f12d55be\"><h2 class=\"uagb-heading-text\">Valores<\/h2><\/div>\n\n\n\n<div class=\"wp-block-uagb-advanced-heading uagb-block-634bd3f7\"><p class=\"uagb-heading-text\"><i><span style=\"font-weight: 400;\"><span style=\"font-weight: 400;\">\u00c9tica <\/span><\/span><\/i><br><i><span style=\"font-weight: 400;\"><span style=\"font-weight: 400;\">Transpar\u00eancia<br>Imparcialidade<br>Responsabilidade<br>Disponibilidade<br>Acessibilidade<br>Sigilo<\/span><\/span><\/i><\/p><\/div>\n<\/div>\n<\/div><\/div>\n\n\n\n<div id=\"papel-da-ouvidoria\" class=\"wp-block-uagb-container uagb-block-3f18ca5e alignfull uagb-is-root-container\"><div class=\"uagb-container-inner-blocks-wrap\">\n<div class=\"wp-block-uagb-advanced-heading uagb-block-c94c1d3e\"><h2 class=\"uagb-heading-text\">Papel da Ouvidoria<\/h2><div class=\"uagb-separator\"><\/div><\/div>\n\n\n\n<div class=\"wp-block-uagb-advanced-heading uagb-block-8b1344a7\"><p class=\"uagb-heading-text\">A Ouvidoria \u00e9 uma coordenadoria aut\u00f4noma, de natureza mediadora, sem car\u00e1ter deliberativo e judicativo, de assessoria direta a Gest\u00e3o Superior da Universidade do Estado do Par\u00e1.<br>\u00c9 o canal de comunica\u00e7\u00e3o entre o cidad\u00e3o e a Universidade do Estado do Par\u00e1, que possibilita sua participa\u00e7\u00e3o na gest\u00e3o p\u00fablica, legitimando-se como um instrumento de incentivos a transpar\u00eancia, a \u00e9tica e a valoriza\u00e7\u00e3o dos direitos Humanos. Assim, \u00e9 papel da ouvidoria:<\/p><\/div>\n\n\n\n<div class=\"wp-block-uagb-icon-list uagb-block-e235bece\"><div class=\"uagb-icon-list__wrap\">\n<div class=\"wp-block-uagb-icon-list-child uagb-block-dfa01d79\"><span class=\"uagb-icon-list__source-wrap\"><svg xmlns=\"https:\/\/www.w3.org\/2000\/svg\" viewBox=\"0 0 512 512\"><path d=\"M256 0C114.6 0 0 114.6 0 256c0 141.4 114.6 256 256 256s256-114.6 256-256C512 114.6 397.4 0 256 0zM406.6 278.6l-103.1 103.1c-12.5 12.5-32.75 12.5-45.25 0s-12.5-32.75 0-45.25L306.8 288H128C110.3 288 96 273.7 96 256s14.31-32 32-32h178.8l-49.38-49.38c-12.5-12.5-12.5-32.75 0-45.25s32.75-12.5 45.25 0l103.1 103.1C414.6 241.3 416 251.1 416 256C416 260.9 414.6 270.7 406.6 278.6z\"><\/path><\/svg><\/span><span class=\"uagb-icon-list__label\">Possibilitar o acesso do cidad\u00e3o de forma direta, formal e gratuita \u00e0s informa\u00e7\u00f5es que lhe forem devidas pela Administra\u00e7\u00e3o P\u00fablica, salvo as informa\u00e7\u00f5es sigilosas previstas na legisla\u00e7\u00e3o vigente;<\/span><\/div>\n\n\n\n<div class=\"wp-block-uagb-icon-list-child uagb-block-e3c8abec\"><span class=\"uagb-icon-list__source-wrap\"><svg xmlns=\"https:\/\/www.w3.org\/2000\/svg\" viewBox=\"0 0 512 512\"><path d=\"M256 0C114.6 0 0 114.6 0 256c0 141.4 114.6 256 256 256s256-114.6 256-256C512 114.6 397.4 0 256 0zM406.6 278.6l-103.1 103.1c-12.5 12.5-32.75 12.5-45.25 0s-12.5-32.75 0-45.25L306.8 288H128C110.3 288 96 273.7 96 256s14.31-32 32-32h178.8l-49.38-49.38c-12.5-12.5-12.5-32.75 0-45.25s32.75-12.5 45.25 0l103.1 103.1C414.6 241.3 416 251.1 416 256C416 260.9 414.6 270.7 406.6 278.6z\"><\/path><\/svg><\/span><span class=\"uagb-icon-list__label\">Receber, registrar e processar as consultas, reclama\u00e7\u00f5es, den\u00fancias, sugest\u00f5es ou elogios;<\/span><\/div>\n\n\n\n<div class=\"wp-block-uagb-icon-list-child uagb-block-5dd65a18\"><span class=\"uagb-icon-list__source-wrap\"><svg xmlns=\"https:\/\/www.w3.org\/2000\/svg\" viewBox=\"0 0 512 512\"><path d=\"M256 0C114.6 0 0 114.6 0 256c0 141.4 114.6 256 256 256s256-114.6 256-256C512 114.6 397.4 0 256 0zM406.6 278.6l-103.1 103.1c-12.5 12.5-32.75 12.5-45.25 0s-12.5-32.75 0-45.25L306.8 288H128C110.3 288 96 273.7 96 256s14.31-32 32-32h178.8l-49.38-49.38c-12.5-12.5-12.5-32.75 0-45.25s32.75-12.5 45.25 0l103.1 103.1C414.6 241.3 416 251.1 416 256C416 260.9 414.6 270.7 406.6 278.6z\"><\/path><\/svg><\/span><span class=\"uagb-icon-list__label\">Buscar a exist\u00eancia da materialidade das den\u00fancias e reclama\u00e7\u00f5es que justifique o prosseguimento de manifesta\u00e7\u00f5es.<\/span><\/div>\n\n\n\n<div class=\"wp-block-uagb-icon-list-child uagb-block-bd0f325a\"><span class=\"uagb-icon-list__source-wrap\"><svg xmlns=\"https:\/\/www.w3.org\/2000\/svg\" viewBox=\"0 0 512 512\"><path d=\"M256 0C114.6 0 0 114.6 0 256c0 141.4 114.6 256 256 256s256-114.6 256-256C512 114.6 397.4 0 256 0zM406.6 278.6l-103.1 103.1c-12.5 12.5-32.75 12.5-45.25 0s-12.5-32.75 0-45.25L306.8 288H128C110.3 288 96 273.7 96 256s14.31-32 32-32h178.8l-49.38-49.38c-12.5-12.5-12.5-32.75 0-45.25s32.75-12.5 45.25 0l103.1 103.1C414.6 241.3 416 251.1 416 256C416 260.9 414.6 270.7 406.6 278.6z\"><\/path><\/svg><\/span><span class=\"uagb-icon-list__label\">Analisar, de forma independente e cr\u00edtica, as consultas, reclama\u00e7\u00f5es, den\u00fancias ou sugest\u00f5es e encaminhar\u00a0o resultado de sua an\u00e1lise aos \u00f3rg\u00e3os competentes;<\/span><\/div>\n\n\n\n<div class=\"wp-block-uagb-icon-list-child uagb-block-d41e70aa\"><span class=\"uagb-icon-list__source-wrap\"><svg xmlns=\"https:\/\/www.w3.org\/2000\/svg\" viewBox=\"0 0 512 512\"><path d=\"M256 0C114.6 0 0 114.6 0 256c0 141.4 114.6 256 256 256s256-114.6 256-256C512 114.6 397.4 0 256 0zM406.6 278.6l-103.1 103.1c-12.5 12.5-32.75 12.5-45.25 0s-12.5-32.75 0-45.25L306.8 288H128C110.3 288 96 273.7 96 256s14.31-32 32-32h178.8l-49.38-49.38c-12.5-12.5-12.5-32.75 0-45.25s32.75-12.5 45.25 0l103.1 103.1C414.6 241.3 416 251.1 416 256C416 260.9 414.6 270.7 406.6 278.6z\"><\/path><\/svg><\/span><span class=\"uagb-icon-list__label\"><em>Acompanhar as provid\u00eancias a serem adotadas pelas unidades administrativas competentes, garantindo o car\u00e1ter resolut\u00f3rio da demanda;<\/em><\/span><\/div>\n\n\n\n<div class=\"wp-block-uagb-icon-list-child uagb-block-c1fab5a0\"><span class=\"uagb-icon-list__source-wrap\"><svg xmlns=\"https:\/\/www.w3.org\/2000\/svg\" viewBox=\"0 0 512 512\"><path d=\"M256 0C114.6 0 0 114.6 0 256c0 141.4 114.6 256 256 256s256-114.6 256-256C512 114.6 397.4 0 256 0zM406.6 278.6l-103.1 103.1c-12.5 12.5-32.75 12.5-45.25 0s-12.5-32.75 0-45.25L306.8 288H128C110.3 288 96 273.7 96 256s14.31-32 32-32h178.8l-49.38-49.38c-12.5-12.5-12.5-32.75 0-45.25s32.75-12.5 45.25 0l103.1 103.1C414.6 241.3 416 251.1 416 256C416 260.9 414.6 270.7 406.6 278.6z\"><\/path><\/svg><\/span><span class=\"uagb-icon-list__label\"><em>Fornecer informa\u00e7\u00f5es sobre a Universidade do Estado do Par\u00e1;<\/em><\/span><\/div>\n\n\n\n<div class=\"wp-block-uagb-icon-list-child uagb-block-93126014\"><span class=\"uagb-icon-list__source-wrap\"><svg xmlns=\"https:\/\/www.w3.org\/2000\/svg\" viewBox=\"0 0 512 512\"><path d=\"M256 0C114.6 0 0 114.6 0 256c0 141.4 114.6 256 256 256s256-114.6 256-256C512 114.6 397.4 0 256 0zM406.6 278.6l-103.1 103.1c-12.5 12.5-32.75 12.5-45.25 0s-12.5-32.75 0-45.25L306.8 288H128C110.3 288 96 273.7 96 256s14.31-32 32-32h178.8l-49.38-49.38c-12.5-12.5-12.5-32.75 0-45.25s32.75-12.5 45.25 0l103.1 103.1C414.6 241.3 416 251.1 416 256C416 260.9 414.6 270.7 406.6 278.6z\"><\/path><\/svg><\/span><span class=\"uagb-icon-list__label\"><em>Oportunizar o acesso\u00a0a informa\u00e7\u00f5es por meio do Servi\u00e7o de Informa\u00e7\u00e3o ao Cidad\u00e3o \u2013 SIC.PA<\/em><\/span><\/div>\n\n\n\n<div class=\"wp-block-uagb-icon-list-child uagb-block-3ded2b95\"><span class=\"uagb-icon-list__source-wrap\"><svg xmlns=\"https:\/\/www.w3.org\/2000\/svg\" viewBox=\"0 0 512 512\"><path d=\"M256 0C114.6 0 0 114.6 0 256c0 141.4 114.6 256 256 256s256-114.6 256-256C512 114.6 397.4 0 256 0zM406.6 278.6l-103.1 103.1c-12.5 12.5-32.75 12.5-45.25 0s-12.5-32.75 0-45.25L306.8 288H128C110.3 288 96 273.7 96 256s14.31-32 32-32h178.8l-49.38-49.38c-12.5-12.5-12.5-32.75 0-45.25s32.75-12.5 45.25 0l103.1 103.1C414.6 241.3 416 251.1 416 256C416 260.9 414.6 270.7 406.6 278.6z\"><\/path><\/svg><\/span><span class=\"uagb-icon-list__label\"><em>Representar os interesses dos cidad\u00e3os com o objetivo de possibilitar o atendimento\u00a0 adequado \u00e0s demandas da sociedade, conforme previsto no art.37 da Constitui\u00e7\u00e3o Federal.<\/em><\/span><\/div>\n<\/div><\/div>\n<\/div><\/div>\n\n\n\n<div id=\"ouvidor\" class=\"wp-block-uagb-container uagb-block-ad157308 alignfull uagb-is-root-container\"><div class=\"uagb-container-inner-blocks-wrap\">\n<div class=\"wp-block-uagb-advanced-heading uagb-block-d14be7c0\"><h2 class=\"uagb-heading-text\">Ouvidor<\/h2><div class=\"uagb-separator\"><\/div><\/div>\n\n\n\n<div class=\"wp-block-uagb-advanced-heading uagb-block-5f8b1768\"><p class=\"uagb-heading-text\">\u00c9 o representante da institui\u00e7\u00e3o que recebe, analisa e encaminha sugest\u00e3o, reclama\u00e7\u00e3o,&nbsp;den\u00fancias, elogios dos usu\u00e1rios e, os acompanha junto aos&nbsp; segmentos&nbsp; competentes. Al\u00e9m disso, envia a proposta, cobra solu\u00e7\u00f5es e, acompanha as medidas adotadas em cada caso, mantendo o cidad\u00e3o\/usu\u00e1rio informado dos procedimentos efetuados&nbsp; e respostas recebidas, procurando estabelecer uma parceria com vistas a melhoria de qualidade e efici\u00eancia administrativa&nbsp; e acad\u00eamica da Universidade.<\/p><\/div>\n<\/div><\/div>\n\n\n\n<div id=\"legislacao\" class=\"wp-block-uagb-container uagb-block-7b30fc38 alignfull uagb-is-root-container\"><div class=\"uagb-container-inner-blocks-wrap\">\n<div class=\"wp-block-uagb-advanced-heading uagb-block-e9f30ac7\"><h2 class=\"uagb-heading-text\">Legisla\u00e7\u00e3o<\/h2><div class=\"uagb-separator\"><\/div><\/div>\n\n\n\n<div class=\"wp-block-uagb-buttons uagb-buttons__outer-wrap uagb-btn__default-btn uagb-btn-tablet__default-btn uagb-btn-mobile__default-btn uagb-block-e1a64fa4\"><div class=\"uagb-buttons__wrap uagb-buttons-layout-wrap\">\n<div class=\"wp-block-uagb-buttons-child uagb-buttons__outer-wrap uagb-block-4c39cc79 wp-block-button is-style-outline\"><div class=\"uagb-button__wrapper\"><a class=\"uagb-buttons-repeater wp-block-button__link\" href=\"https:\/\/www.pge.pa.gov.br\/sites\/default\/files\/legislacao\/LO5810consolidada.pdf\" onclick=\"return true;\" rel=\"follow noopener\" target=\"_blank\"><div class=\"uagb-button__link\">RJU<\/div><\/a><\/div><\/div>\n\n\n\n<div class=\"wp-block-uagb-buttons-child uagb-buttons__outer-wrap uagb-block-a934d1b6 wp-block-button is-style-outline\"><div class=\"uagb-button__wrapper\"><a class=\"uagb-buttons-repeater wp-block-button__link\" href=\"https:\/\/www.sistemas.pa.gov.br\/sisleis\/legislacao\/2720\" onclick=\"return true;\" rel=\"follow noopener\" target=\"_blank\"><div class=\"uagb-button__link\">Decreto Estadual 1359\/2015<\/div><\/a><\/div><\/div>\n\n\n\n<div class=\"wp-block-uagb-buttons-child uagb-buttons__outer-wrap uagb-block-29c213b6 wp-block-button is-style-outline\"><div class=\"uagb-button__wrapper\"><a class=\"uagb-buttons-repeater wp-block-button__link\" href=\"http:\/\/www.planalto.gov.br\/ccivil_03\/_ato2011-2014\/2011\/lei\/l12527.htm\" onclick=\"return true;\" rel=\"follow noopener\" target=\"_blank\"><div class=\"uagb-button__link\">Lei 12527\/2011\u00a0<\/div><\/a><\/div><\/div>\n\n\n\n<div class=\"wp-block-uagb-buttons-child uagb-buttons__outer-wrap uagb-block-6b7dbc36 wp-block-button is-style-outline\"><div class=\"uagb-button__wrapper\"><a class=\"uagb-buttons-repeater wp-block-button__link\" href=\"http:\/\/www.planalto.gov.br\/ccivil_03\/_ato2015-2018\/2017\/lei\/L13460.htm\" onclick=\"return true;\" rel=\"follow noopener\" target=\"_blank\"><div class=\"uagb-button__link\">Lei 13460\/2017<\/div><\/a><\/div><\/div>\n<\/div><\/div>\n<\/div><\/div>\n","protected":false},"excerpt":{"rendered":"<p>Fa\u00e7a Sua Manifesta\u00e7\u00e3o Apresenta\u00e7\u00e3o A Ouvidoria da Universidade do Estado do Par\u00e1, criada com a Lei n\u00ba 6.828, de 07 de fevereiro de 2006, tem por finalidade atuar como um canal de interlocu\u00e7\u00e3o com o usu\u00e1rio e a sociedade em geral. Com vistas a mediar \u00e0s rela\u00e7\u00f5es entre a Administra\u00e7\u00e3o P\u00fablica e o cidad\u00e3o prop\u00f5e &hellip;<\/p>\n<p class=\"read-more\"> <a class=\"\" href=\"https:\/\/ouvidoria.uepa.br\/\"> <span class=\"screen-reader-text\">Ouvidoria<\/span> Leia mais &raquo;<\/a><\/p>\n","protected":false},"author":1,"featured_media":0,"parent":0,"menu_order":0,"comment_status":"closed","ping_status":"closed","template":"","meta":{"_uag_custom_page_level_css":"","site-sidebar-layout":"default","site-content-layout":"","ast-site-content-layout":"default","site-content-style":"default","site-sidebar-style":"default","ast-global-header-display":"","ast-banner-title-visibility":"","ast-main-header-display":"enabled","ast-hfb-above-header-display":"","ast-hfb-below-header-display":"","ast-hfb-mobile-header-display":"","site-post-title":"disabled","ast-breadcrumbs-content":"","ast-featured-img":"","footer-sml-layout":"","theme-transparent-header-meta":"enabled","adv-header-id-meta":"","stick-header-meta":"","header-above-stick-meta":"","header-main-stick-meta":"","header-below-stick-meta":"","astra-migrate-meta-layouts":"set","ast-page-background-enabled":"default","ast-page-background-meta":{"desktop":{"background-color":"var(--ast-global-color-4)","background-image":"","background-repeat":"repeat","background-position":"center center","background-size":"auto","background-attachment":"scroll","background-type":"","background-media":"","overlay-type":"","overlay-color":"","overlay-gradient":""},"tablet":{"background-color":"","background-image":"","background-repeat":"repeat","background-position":"center center","background-size":"auto","background-attachment":"scroll","background-type":"","background-media":"","overlay-type":"","overlay-color":"","overlay-gradient":""},"mobile":{"background-color":"","background-image":"","background-repeat":"repeat","background-position":"center center","background-size":"auto","background-attachment":"scroll","background-type":"","background-media":"","overlay-type":"","overlay-color":"","overlay-gradient":""}},"ast-content-background-meta":{"desktop":{"background-color":"var(--ast-global-color-5)","background-image":"","background-repeat":"repeat","background-position":"center center","background-size":"auto","background-attachment":"scroll","background-type":"","background-media":"","overlay-type":"","overlay-color":"","overlay-gradient":""},"tablet":{"background-color":"var(--ast-global-color-5)","background-image":"","background-repeat":"repeat","background-position":"center center","background-size":"auto","background-attachment":"scroll","background-type":"","background-media":"","overlay-type":"","overlay-color":"","overlay-gradient":""},"mobile":{"background-color":"var(--ast-global-color-5)","background-image":"","background-repeat":"repeat","background-position":"center center","background-size":"auto","background-attachment":"scroll","background-type":"","background-media":"","overlay-type":"","overlay-color":"","overlay-gradient":""}},"footnotes":""},"uagb_featured_image_src":{"full":false,"thumbnail":false,"medium":false,"medium_large":false,"large":false,"1536x1536":false,"2048x2048":false},"uagb_author_info":{"display_name":"admin@uepa.br","author_link":"https:\/\/ouvidoria.uepa.br\/index.php\/author\/adminuepa-br\/"},"uagb_comment_info":0,"uagb_excerpt":"Fa\u00e7a Sua Manifesta\u00e7\u00e3o Apresenta\u00e7\u00e3o A Ouvidoria da Universidade do Estado do Par\u00e1, criada com a Lei n\u00ba 6.828, de 07 de fevereiro de 2006, tem por finalidade atuar como um canal de interlocu\u00e7\u00e3o com o usu\u00e1rio e a sociedade em geral. Com vistas a mediar \u00e0s rela\u00e7\u00f5es entre a Administra\u00e7\u00e3o P\u00fablica e o cidad\u00e3o prop\u00f5e&hellip;","_links":{"self":[{"href":"https:\/\/ouvidoria.uepa.br\/index.php\/wp-json\/wp\/v2\/pages\/93"}],"collection":[{"href":"https:\/\/ouvidoria.uepa.br\/index.php\/wp-json\/wp\/v2\/pages"}],"about":[{"href":"https:\/\/ouvidoria.uepa.br\/index.php\/wp-json\/wp\/v2\/types\/page"}],"author":[{"embeddable":true,"href":"https:\/\/ouvidoria.uepa.br\/index.php\/wp-json\/wp\/v2\/users\/1"}],"replies":[{"embeddable":true,"href":"https:\/\/ouvidoria.uepa.br\/index.php\/wp-json\/wp\/v2\/comments?post=93"}],"version-history":[{"count":5,"href":"https:\/\/ouvidoria.uepa.br\/index.php\/wp-json\/wp\/v2\/pages\/93\/revisions"}],"predecessor-version":[{"id":526,"href":"https:\/\/ouvidoria.uepa.br\/index.php\/wp-json\/wp\/v2\/pages\/93\/revisions\/526"}],"wp:attachment":[{"href":"https:\/\/ouvidoria.uepa.br\/index.php\/wp-json\/wp\/v2\/media?parent=93"}],"curies":[{"name":"wp","href":"https:\/\/api.w.org\/{rel}","templated":true}]}}